.
2, 13, 38861
List the prime factors of 1340290121.
1340290121
What are the prime factors of 2630018003?
7321, 359243
What are the prime factors of 583217673?
3, 19, 10231889
What are the prime factors of 782407224?
2, 3, 907, 11981
What are the prime factors of 266307690?
2, 3, 5, 11, 73363
What are the prime factors of 1771542771?
3, 31, 317, 60091
What are the prime factors of 419033980?
2, 5, 19, 1102721
List the prime factors of 47529658.
2, 11, 53, 40763
List the prime factors of 1161634586.
2, 7, 89, 107, 8713
What are the prime factors of 1257774262?
2, 149, 4220719
List the prime factors of 63078825.
3, 5, 67, 12553
What are the prime factors of 2394506436?
2, 3, 7, 41, 695269
List the prime factors of 1073745550.
2, 5, 37, 47, 53, 233
What are the prime factors of 290474552?
2, 571, 63589
What are the prime factors of 116646028?
2, 79, 369133
What are the prime factors of 843168332?
2, 9967, 21149
What are the prime factors of 1162154990?
2, 5, 29, 4007431
What are the prime factors of 191547485?
5, 38309497
What are the prime factors of 254482926?
2, 3, 42413821
List the prime factors of 6763307.
6763307
What are the prime factors of 2356950187?
67, 35178361
What are the prime factors of 357348575?
5, 383, 37321
What are the prime factors of 63543108?
2, 3, 457, 11587
List the prime factors of 10554993.
3, 1172777
What are the prime factors of 208638857?
7, 29805551
What are the prime factors of 11114578?
2, 37, 150197
List the prime factors of 61856155.
5, 12371231
What are the prime factors of 64160251?
137, 468323
What are the prime factors of 76348110?
2, 3, 5, 131, 19427
List the prime factors of 290076646.
2, 101, 1436023
What are the prime factors of 34291262?
2, 17145631
List the prime factors of 185236873.
31, 1699, 3517
What are the prime factors of 17792341?
7, 19, 29, 659
List the prime factors of 2454396739.
37, 66335047
What are the prime factors of 1048262836?
2, 37, 7082857
What are the prime factors of 692007302?
2, 7, 23, 61, 719
List the prime factors of 116823653.
116823653
What are the prime factors of 883059660?
2, 3, 5, 7, 71, 9871
What are the prime factors of 1047910851?
3, 13, 995167
What are the prime factors of 742441762?
2, 371220881
List the prime factors of 947949439.
23, 47, 673, 1303
What are the prime factors of 43898182?
2, 17, 89, 163
List the prime factors of 445369769.
13, 23, 1489531
What are the prime factors of 964228766?
2, 149, 359, 9013
List the prime factors of 2330991091.
11, 13, 17, 31, 30931
List the prime factors of 35060232.
2, 3, 401, 3643
List the prime factors of 38288429.
823, 46523
What are the prime factors of 1483662973?
13, 53, 181, 11897
What are the prime factors of 148877592?
2, 3, 6203233
List the prime factors of 5451930499.
67, 109, 746533
What are the prime factors of 259037711?
773, 335107
What are the prime factors of 2035735280?
2, 5, 31, 41, 20021
List the prime factors of 551691843.
3, 11783, 15607
List the prime factors of 294920380.
2, 5, 41, 457, 787
List the prime factors of 5570971690.
2, 5, 71, 7846439
What are the prime factors of 41087339?
41087339
What are the prime factors of 184739719?
3607, 51217
What are the prime factors of 29888631?
3, 41, 107, 757
What are the prime factors of 173450403?
3, 7, 509, 601
What are the prime factors of 518087968?
2, 59, 137, 2003
List the prime factors of 37066657.
37066657
What are the prime factors of 36845536?
2, 7, 13, 12653
What are the prime factors of 105167747?
41, 2565067
What are the prime factors of 1932290357?
31, 62331947
What are the prime factors of 56421255?
3, 5, 11, 341947
What are the prime factors of 209427937?
19, 29, 373, 1019
What are the prime factors of 3911712371?
7, 9521, 58693
What are the prime factors of 5987957050?
2, 5, 2111, 56731
List the prime factors of 337368953.
1153, 292601
List the prime factors of 349091571.
3, 199, 547, 1069
List the prime factors of 1015832484.
2, 3, 17, 37, 113, 397
List the prime factors of 1408426445.
5, 137, 313, 6569
List the prime factors of 64132304.
2, 31, 239, 541
What are the prime factors of 89386548?
2, 3, 269, 27691
What are the prime factors of 2262496083?
3, 541, 1394021
What are the prime factors of 15627201?
3, 29, 179623
List the prime factors of 155806167.
3, 11, 53, 89083
List the prime factors of 45495921.
3, 15165307
List the prime factors of 21708425.
5, 868337
What are the prime factors of 47492454?
2, 3, 7915409
What are the prime factors of 108862801?
263, 359, 1153
What are the prime factors of 70436320?
2, 5, 440227
List the prime factors of 44087286.
2, 3, 7347881
List the prime factors of 125307696.
2, 3, 2610577
What are the prime factors of 113343843?
3, 31, 163, 7477
What are the prime factors of 1450000205?
5, 43, 149, 45263
What are the prime factors of 361037826?
2, 3, 691, 29027
What are the prime factors of 17096106?
2, 3, 2849351
List the prime factors of 10917353.
61, 178973
List the prime factors of 14238796.
2, 11, 13, 31, 73
List the prime factors of 31591175.
5, 7, 11, 16411
List the prime factors of 25272157.
1973, 12809
What are the prime factors of 9201346?
2, 7, 11, 149, 401
List the prime factors of 10542677.
163, 64679
What are the prime factors of 1408871936?
2, 2751703
What are the prime factors of 2432578473?
3, 13, 770047
What are the prime factors of 367742255?
5, 73548451
List the prime factors of 718246745.
5, 2081, 69029
List the prime factors of 223481622.
2, 3, 7, 13, 397, 1031
What are the prime factors of 929032022?
2, 167, 191, 14563
List the prime factors of 1762719298.
2, 5591, 157639
List the prime factors of 808936081.
43, 439, 42853
What are the prime factors of 3942148?
2, 7, 20113
What are the prime factors of 3706548756?
2, 3, 577, 535319
What are the prime factors of 44759152?
2, 2797447
List the prime factors of 6415733.
6415733
List the prime factors of 22132681.
22132681
List the prime factors of 93345780.
2, 3, 5, 11, 29, 4877
What are the prime factors of 54634752?
2, 3, 23, 1031
List the prime factors of 183857346.
2, 3, 17, 600841
List the prime factors of 20725439.
7, 37, 80021
What are the prime factors of 79528911?
3, 7, 11, 137, 359
List the prime factors of 413432620.
2, 5, 20671631
List the prime factors of 76743882.
2, 3, 17, 41, 2039
List the prime factors of 56039997.
3, 13, 1436923
What are the prime factors of 5892669?
3, 23, 3163
What are the prime factors of 896102663?
896102663
List the prime factors of 555460602.
2, 3, 92576767
What are the prime factors of 1281034673?
1281034673
List the prime factors of 422684864.
2, 7, 347, 2719
List the prime factors of 20726642.
2, 10363321
List the prime factors of 685982240.
2, 5, 29, 163, 907
List the prime factors of 22654265.
5, 4530853
List the prime factors of 156204453.
3, 19, 47, 199, 293
What are the prime factors of 72982736?
2, 4561421
List the prime factors of 956015351.
349, 2739299
List the prime factors of 569521796.
2, 142380449
What are the prime factors of 339971112?
2, 3, 13, 363217
What are the prime factors of 294298260?
2, 3, 5, 4904971
List the prime factors of 282882510.
2, 3, 5, 1047713
What are the prime factors of 2238499231?
19, 117815749
What are the prime factors of 84216245?
5, 47, 241, 1487
What are the prime factors of 1481984320?
2, 5, 251, 18451
What are the prime factors of 113547485?
5, 73, 113, 2753
List the prime factors of 3262723554.
2, 3, 543787259
List the prime factors of 856430774.
2, 3011, 142217
What are the prime factors of 2273364?
2, 3, 63149
What are the prime factors of 543414513?
3, 181138171
What are the prime factors of 15739034?
2, 7869517
What are the prime factors of 7493439435?
3, 5, 17, 1039, 28283
List the prime factors of 260955025.
5, 19, 549379
List the prime factors of 311955785.
5, 23, 2712659
List the prime factors of 40646515.
5, 7, 13, 157, 569
What are the prime factors of 16511896?
2, 17, 317, 383
List the prime factors of 48195428.
2, 2707, 4451
List the prime factors of 3805241882.
2, 13, 9293, 15749
What are the prime factors of 74721414?
2, 3, 19, 53, 83, 149
List the prime factors of 510512.
2, 31907
List the prime factors of 228685221.
3, 47, 307, 587
What are the prime factors of 1005400511?
1005400511
What are the prime factors of 307948218?
2, 